{"id":4224,"date":"2016-10-04T12:38:00","date_gmt":"2016-10-04T12:38:00","guid":{"rendered":"http:\/\/endorphinfilm.com\/?page_id=4224"},"modified":"2017-07-24T09:55:35","modified_gmt":"2017-07-24T09:55:35","slug":"impressum","status":"publish","type":"page","link":"https:\/\/endorphinfilm.com\/?page_id=4224","title":{"rendered":"Impressum"},"content":{"rendered":"<p class=\"p2\">Stand: 01. August 2016<\/p>\n<p class=\"p4\"><span class=\"s1\">1. Haftungsausschluss<\/span><\/p>\n<p class=\"p2\"><span class=\"s1\">Die Inhalte dieser Website wurden mit gr\u00f6\u00dftm\u00f6glicher Sorgfalt erstellt. Sebastian Wehkamp &#8211; Endorphin \u00fcbernimmt jedoch keine Gew\u00e4hr f\u00fcr die Richtigkeit, Vollst\u00e4ndigkeit und Aktualit\u00e4t der bereitgestellten Inhalte. Mit der reinen Nutzung unserer Websites kommt keinerlei Vertragsverh\u00e4ltnis zwischen dem Besucher und Sebastian Wehkamp &#8211; Endorphin zustande.<\/span><\/p>\n<p class=\"p6\"><span class=\"s1\">Externe Links<\/span><\/p>\n<p class=\"p6\"><span class=\"s1\">Diese Website enth\u00e4lt Verkn\u00fcpfungen zu Websites Dritter (\u201eexterne Links\u201c). Diese Websites unterliegen der Haftung der jeweiligen Betreiber. Wir haben bei der erstmaligen Verkn\u00fcpfung der externen Links die fremden Inhalte daraufhin \u00fcberpr\u00fcft, ob etwaige Rechtsverst\u00f6\u00dfe bestehen. Zu dem Zeitpunkt waren keine Rechtsverst\u00f6\u00dfe ersichtlich. Wir haben keinerlei Einfluss auf die aktuelle und zuk\u00fcnftige Gestaltung und auf die Inhalte der verkn\u00fcpften Seiten. Das Setzen von<\/span><\/p>\n<p class=\"p2\"><span class=\"s1\">externen Links bedeutet nicht, dass wir uns die hinter dem Verweis oder Link liegenden Inhalte zu eigen machen. Eine st\u00e4ndige Kontrolle der externen Links ist f\u00fcr uns ohne konkrete Hinweise auf Rechtsverst\u00f6\u00dfe nicht zumutbar. Bei Kenntnis von Rechtsverst\u00f6\u00dfen werden jedoch derartige externe Links unverz\u00fcglich gel\u00f6scht.<\/span><\/p>\n<p class=\"p4\"><span class=\"s1\">2. Urheber- und Leistungsschutzrecht<\/span><\/p>\n<p class=\"p2\"><span class=\"s1\">Die auf dieser Website ver\u00f6ffentlichten Inhalte unterliegen dem deutschen Urheber- und Leistungsschutzrecht. Jede vom deutschen Urheber- und Leistungsschutzrecht nicht zugelassene Verwertung bedarf unserer vorherigen schriftlichen Zustimmung des Betreibers oder jeweiligen Rechteinhabers. Dies gilt insbesondere f\u00fcr Vervielf\u00e4ltigung, Bearbeitung, \u00dcbersetzung, Einspeicherung, Verarbeitung bzw. Wiedergabe von Inhalten in Datenbanken oder anderen elektronischen Medien und Systemen. Die unerlaubte Vervielf\u00e4ltigung oder Weitergabe einzelner Inhalte oder kompletter Websites ist<\/span><\/p>\n<p class=\"p2\"><span class=\"s1\">nicht gestattet und strafbar. Lediglich die Herstellung von Kopien und Downloads f\u00fcr den pers\u00f6nlichen, privaten und nicht kommerziellen Gebrauch ist erlaubt. Die Darstellung dieser Website in fremden Frames ist nur mit schriftlicher Erlaubnis zul\u00e4ssig. Soweit die Inhalte auf dieser Seite nicht von uns erstellt wurden, werden die Urheberrechte Dritter beachtet. Insbesondere werden Inhalte und Rechte Dritter als solche gekennzeichnet. Sollte der Besucher trotzdem auf eine Urheberrechtsverletzung aufmerksam werden, bitten wir um einen entsprechenden Hinweis. Bei Bekanntwerden von Rechtsverletzungen werden wir Betreiber derartige Inhalte umgehend entfernen.<\/span><\/p>\n<p class=\"p4\"><span class=\"s1\">3. Hinweise zum Datenschutz<\/span><\/p>\n<p class=\"p2\"><span class=\"s1\">Sebastian Wehkamp &#8211; Endorphin setzt sich f\u00fcr die Wahrung der Privatsph\u00e4re der Besucher ihrer Website ein. In diesen Hinweisen wird beschrieben, wie Daten, die Sie betreffen, verarbeitet werden.<\/span><\/p>\n<p class=\"p6\"><span class=\"s1\">Erhebung und Verarbeitung personenbezogener Daten Bei jedem Zugriff auf unsere Websites und bei jedem Abruf einer Datei werden Zugriffsdaten \u00fcber diesen Vorgang in einer Protokolldatei beim Server unseres Providers gespeichert. Jeder Datensatz besteht aus: der Firma Ihres Internet Service Providers, der Website, von der aus die Datei angefordert wurde, dem Namen der Datei, dem Datum und der Uhrzeit der Anforderung, der \u00fcbertragenen Datenmenge, dem Zugriffsstatus (Datei \u00fcbertragen, Datei nicht gefunden etc.), einer Beschreibung des Typs des verwendeten Webbrowsers, der dynamischen IP-Adresse. Diese Daten werden anonym erhoben und k\u00f6nnen von uns nicht bestimmten Personen zugeordnet werden. Eine Zusammenf\u00fchrung dieser Daten mit anderen Datenquellen wird nicht vorgenommen; die Daten werden zudem nach einer<\/span><\/p>\n<p class=\"p2\"><span class=\"s1\">statistischen Auswertung gel\u00f6scht und nicht als einzelner Datensatz vorgehalten. Bei jedem Zugriff auf unsere Websites und bei jedem Abruf einer Datei werden auch statische IP-Adressen in einer Protokolldatei des Servers erfasst und automatisiert gespeichert. Statische IP-Adressen k\u00f6nnen unter Umst\u00e4nden R\u00fcckschluss auf die Person des Nutzers erm\u00f6glichen. Wir f\u00fchren dahingehend weder Auswertungen durch, noch nutzen wir derartige Daten f\u00fcr eigene werbliche Zwecke oder halten diese f\u00fcr Dritte zur Nutzung vor.<\/span><\/p>\n<p class=\"p2\"><span class=\"s1\">Im \u00dcbrigen k\u00f6nnen Sie unsere Websites grunds\u00e4tzlich besuchen, ohne Angaben zu Ihrer Person zu machen.<\/span><\/p>\n<p class=\"p2\"><span class=\"s1\">Im \u00dcbrigen findet keine Weitergabe Ihrer personenbezogenen Daten an Dritte statt, es sei denn, wir sind aufgrund gesetzlicher Vorschriften und entsprechender gerichtlicher oder beh\u00f6rdlicher Anordnung in Ausnahmef\u00e4llen hierzu verpflichtet.<\/span><\/p>\n<p class=\"p6\"><span class=\"s1\">Aufbewahrung<\/span><\/p>\n<p class=\"p2\"><span class=\"s1\">Ihre Daten werden solange aufbewahrt und gespeichert, wie dies f\u00fcr den Zweck erforderlich ist, f\u00fcr den die Daten in zul\u00e4ssiger Weise erhoben wurden, bzw. wie eine Aufbewahrung aufgrund gesetzlicher oder rechtlicher Pflichten vorgeschrieben ist.<\/span><\/p>\n<p class=\"p6\"><span class=\"s1\">Cookies<\/span><\/p>\n<p class=\"p2\"><span class=\"s1\">Auf verschiedenen Websites verwenden wir Cookies, um den Besuch unserer Website attraktiv zu gestalten und die Nutzung bestimmter Funktionen zu erm\u00f6glichen. Hierbei handelt es sich um kleine Textdateien, die auf Ihrem Rechner abgelegt werden. Die meisten der von uns verwendeten Cookies werden nach Ende der Browser-Sitzung wieder von Ihrer Festplatte gel\u00f6scht (sog. Session-Cookies). Andere Cookies verbleiben auf Ihrem Rechner und erm\u00f6glichen uns, Ihren Rechner bei Ihrem n\u00e4chsten Besuch wieder zu erkennen (sog. Langzeit-Cookies). Diese Cookies dienen dazu, die vom Besucher getroffenen individuellen Selektionen (wie z.B. die Parameter bei der Durchf\u00fchrung einer Suche) zu speichern, um sie dann bei dem erneuten Aufruf der jeweiligen Websites im hinterlassenen Zustand wiederherzustellen. Die erzeugten Cookies verfallen nach dem Beenden des Browsers bzw. nach dem Schlie\u00dfen des letzten Browserfensters.<\/span><\/p>\n<p class=\"p2\"><span class=\"s1\">Au\u00dferdem werden Cookies f\u00fcr eine unpersonalisierte Statistik eingesetzt. Die erzeugten Cookies haben eine Verfallszeit von max. drei Monaten. Sie k\u00f6nnen Ihren Browser so einstellen, dass Sie \u00fcber das Setzen von Cookies informiert werden, von Fall zu Fall \u00fcber die Annahme entscheiden oder die Annahme von Cookies grunds\u00e4tzlich ausschlie\u00dfen. Bei der Nichtannahme von Cookies kann die Funktionalit\u00e4t unserer Website eingeschr\u00e4nkt sein.<\/span><\/p>\n<p class=\"p6\"><span class=\"s1\">Einsatz von Google Analytics<\/span><\/p>\n<p class=\"p2\"><span class=\"s1\">Unsere Webseite benutzt Google Analytics, einen Webanalysedienst der Google Inc. (\u201eGoogle\u201c). Google Analytics verwendet sog. \u201eCookies\u201c, Textdateien, die auf Ihrem Computer gespeichert werden und die eine Analyse der Benutzung der Webseite durch Sie erm\u00f6glichen. Die durch den Cookie erzeugten Informationen \u00fcber Ihre Benutzung dieser Webseite (einschlie\u00dflich Ihrer IP-Adresse) wird an einen Server von Google in den USA \u00fcbertragen und dort gespeichert. Google wird diese Informationen benutzen, um Ihre Nutzung der Webseite auszuwerten, um Reports \u00fcber die Webseitenaktivit\u00e4ten f\u00fcr die Webseitenbetreiber zusammenzustellen und um weitere mit der Webseitennutzung und der Internetnutzung verbundene Dienstleistungen zu erbringen. Auch wird Google diese Informationen gegebenenfalls an Dritte \u00fcbertragen,<\/span><\/p>\n<p class=\"p2\"><span class=\"s1\">sofern dies gesetzlich vorgeschrieben oder soweit Dritte diese Daten im Auftrag von Google verarbeiten. Google wird in keinem Fall Ihre IP-Adresse mit anderen Daten von Google in Verbindung bringen. Sie k\u00f6nnen die Installation der Cookies durch eine entsprechende Einstellung Ihrer Browser Software verhindern; wir weisen Sie jedoch darauf hin, dass Sie in diesem Fall gegebenenfalls nicht s\u00e4mtliche Funktionen dieser Webseite vollumf\u00e4nglich nutzen k\u00f6nnen. Durch die Nutzung dieser Webseite erkl\u00e4ren Sie sich mit der Bearbeitung der \u00fcber Sie erhobenen Daten durch Google in der zuvor beschriebenen Art und Weise und zu dem zuvor benannten Zweck einverstanden. Der Datenerhebung und -speicherung<\/span><\/p>\n<p class=\"p2\"><span class=\"s1\">kann jederzeit mit Wirkung f\u00fcr die Zukunft widersprochen werden. Unsere Kontaktadresse f\u00fcr den Widerspruch finden Sie in unserem Impressum. Alternativ k\u00f6nnen Sie das Deaktivierungs-Add-on von Google Analytics (http:\/\/tools.google.com\/dlpage\/gaoptout?hl=de) verwenden, sofern es f\u00fcr Ihren Browser verf\u00fcgbar ist. Es wird darauf hingewiesen, dass diese Webseite Google Analytics mit der Erweiterung \u201eanonymizeIp()\u201c verwendet und daher IP-Adressen nur gek\u00fcrzt weiterverarbeitet werden, um eine direkte Personenbeziehbarkeit auszuschlie\u00dfen.\u201d<\/span><\/p>\n<p class=\"p6\"><span class=\"s1\">Vertraulichkeit und Sicherheit<\/span><\/p>\n<p class=\"p2\"><span class=\"s1\">Wir werden Ihre Daten vertraulich behandeln und entsprechend unseren \u00fcblichen Verfahren und gem\u00e4\u00df allen anwendbaren Gesetzen sch\u00fctzen.<\/span><\/p>\n<p class=\"p6\"><span class=\"s1\">Ihre Rechte<\/span><\/p>\n<p class=\"p2\"><span class=\"s1\">Sie k\u00f6nnen jederzeit Auskunft \u00fcber die \u00fcber Sie gespeicherten personenbezogenen Daten erhalten oder diese einsehen. Sind diese Daten unrichtig, so k\u00f6nnen Sie deren Berichtigung verlangen. Falls Sie mit der Speicherung Ihrer Daten nicht einverstanden sein sollten, k\u00f6nnen Sie jederzeit auf postalischem Wege oder per E-Mail mit Wirkung die L\u00f6schung der Daten verlangen. Im diesem Falle werden Ihre Daten entsprechend gel\u00f6scht. Ausgenommen hiervon bleiben jedoch Daten, deren L\u00f6schung gesetzliche und\/oder vertragsgem\u00e4\u00dfe Aufbewahrungsfristen entgegenstehen. Ferner sind Daten ausgenommen, welche f\u00fcr die Begr\u00fcndung, inhaltliche Ausgestaltung oder \u00c4nderung eines Vertragsverh\u00e4ltnisses mit uns erforderlich sind oder f\u00fcr Zwecke der Abrechnung gespeichert werden m\u00fcssen. F\u00fcr Ausk\u00fcnfte, L\u00f6schungsverlangen usw.<\/span><\/p>\n<p class=\"p2\"><span class=\"s1\">wenden Sie sich bitte an den \u201cAnsprechpartner\u201d am Ende dieser Website.<\/span><\/p>\n<p class=\"p4\"><span class=\"s1\">4. Impressum<\/span><\/p>\n<p class=\"p6\"><span class=\"s1\">Angaben gem\u00e4\u00df \u00a7 5 TMG:<\/span><\/p>\n<p class=\"p2\"><span class=\"s1\">Sebastian Wehkamp &#8211; Endorphin<\/span><\/p>\n<p class=\"p2\"><span class=\"s1\">Uedesheimer Str. 25<\/span><\/p>\n<p class=\"p2\"><span class=\"s1\">40221 D\u00fcsseldorf<\/span><\/p>\n<p class=\"p2\"><span class=\"s1\">Telefon: (+49) 211 1395 4881<\/span><\/p>\n<p class=\"p2\"><span class=\"s1\"><\/span><\/p>\n<p class=\"p2\"><span class=\"s1\">info@endorphinfilm.de<\/span><\/p>\n<p class=\"p2\"><span class=\"s1\">www.endorphinfilm.de<\/span><\/p>\n<p class=\"p2\"><span class=\"s1\">Inhaltlich verantwortlich: Sebastian Wehkamp<\/span><\/p>\n<p class=\"p2\"><span class=\"s1\">USt-IdNr.:\u00a0<\/span>DE248273286<\/p>\n<p class=\"p6\"><span class=\"s1\">Anwendbares Recht<\/span><\/p>\n<p class=\"p2\"><span class=\"s1\">Die rechtlichen Hinweise auf dieser Website sowie alle Fragen und Streitigkeiten im Zusammenhang mit unseren Websites unterliegen dem Recht der Bundesrepublik Deutschland.<\/span><\/p>\n<p class=\"p2\"><span class=\"s1\">\u00dcberarbeitung dieser Hinweise<\/span><\/p>\n<p class=\"p2\"><span class=\"s1\">Durch Aktualisierung dieser Website k\u00f6nnen sich diese Hinweise sich von Zeit zu Zeit \u00e4ndern. Sie sollten diese Seite gelegentlich wieder aufrufen, um sicherzustellen, dass Sie auch mit eventuellen \u00c4nderungen einverstanden sind.<\/span><\/p>\n<p class=\"p6\"><span class=\"s1\">Ansprechpartner<\/span><\/p>\n<p class=\"p2\"><span class=\"s1\">Wenn Sie Fragen zu diesen Hinweisen haben, setzen Sie sich bitte mit uns in Verbindung unter: <a href=\"mailto:mail@endorphinfilm.de\"><span class=\"s2\">mail@endorphinfilm.de<\/span><\/a> oder Sebastian Wehkamp &#8211; Endorphin, Uedesheimer Str. 25, 40221 D\u00fcsseldorf.<\/span><\/p>\n","protected":false},"excerpt":{"rendered":"<p>Stand: 01. August 2016 1. Haftungsausschluss Die Inhalte dieser Website wurden mit gr\u00f6\u00dftm\u00f6glicher Sorgfalt erstellt. Sebastian Wehkamp &#8211; Endorphin \u00fcbernimmt jedoch keine Gew\u00e4hr f\u00fcr die Richtigkeit, Vollst\u00e4ndigkeit und Aktualit\u00e4t der bereitgestellten Inhalte. Mit der reinen Nutzung unserer Websites kommt keinerlei Vertragsverh\u00e4ltnis zwischen dem Besucher und Sebastian Wehkamp &#8211; Endorphin zustande. Externe Links Diese Website enth\u00e4lt Verkn\u00fcpfungen zu Websites Dritter (\u201eexterne Links\u201c). Diese Websites unterliegen der Haftung der jeweiligen Betreiber. Wir haben bei der erstmaligen Verkn\u00fcpfung der externen Links die fremden Inhalte daraufhin \u00fcberpr\u00fcft, ob etwaige Rechtsverst\u00f6\u00dfe bestehen. Zu dem Zeitpunkt waren keine Rechtsverst\u00f6\u00dfe ersichtlich. Wir haben keinerlei Einfluss auf die aktuelle und zuk\u00fcnftige Gestaltung und auf die Inhalte der verkn\u00fcpften Seiten. Das Setzen von externen Links bedeutet nicht, dass wir uns die hinter dem Verweis oder Link liegenden Inhalte zu eigen machen. Eine st\u00e4ndige Kontrolle der externen Links ist f\u00fcr uns ohne konkrete Hinweise auf Rechtsverst\u00f6\u00dfe nicht zumutbar. Bei Kenntnis von Rechtsverst\u00f6\u00dfen werden jedoch derartige externe Links unverz\u00fcglich gel\u00f6scht. 2. Urheber- und Leistungsschutzrecht Die auf dieser Website ver\u00f6ffentlichten Inhalte unterliegen dem deutschen Urheber- und Leistungsschutzrecht. Jede vom deutschen Urheber- und Leistungsschutzrecht nicht zugelassene Verwertung bedarf unserer vorherigen schriftlichen Zustimmung des Betreibers oder jeweiligen Rechteinhabers. Dies gilt insbesondere f\u00fcr Vervielf\u00e4ltigung, Bearbeitung, \u00dcbersetzung, Einspeicherung, Verarbeitung bzw. Wiedergabe von Inhalten in Datenbanken oder anderen elektronischen Medien und Systemen. Die unerlaubte Vervielf\u00e4ltigung oder Weitergabe einzelner Inhalte oder kompletter Websites ist nicht gestattet und strafbar. Lediglich die Herstellung von Kopien und Downloads f\u00fcr den pers\u00f6nlichen, privaten und nicht kommerziellen Gebrauch ist erlaubt. Die Darstellung dieser Website in fremden Frames ist nur mit schriftlicher Erlaubnis zul\u00e4ssig. Soweit die Inhalte auf dieser Seite nicht von uns erstellt wurden, werden die Urheberrechte Dritter beachtet. Insbesondere werden Inhalte und Rechte Dritter als solche gekennzeichnet. Sollte der Besucher trotzdem auf eine Urheberrechtsverletzung aufmerksam werden, bitten wir um einen entsprechenden Hinweis. Bei Bekanntwerden von Rechtsverletzungen werden wir Betreiber derartige Inhalte umgehend entfernen. 3. Hinweise zum Datenschutz Sebastian Wehkamp &#8211; Endorphin setzt sich f\u00fcr die Wahrung der Privatsph\u00e4re der Besucher ihrer Website ein. In diesen Hinweisen wird beschrieben, wie Daten, die Sie betreffen, verarbeitet werden. Erhebung und Verarbeitung personenbezogener Daten Bei jedem Zugriff auf unsere Websites und bei jedem Abruf einer Datei werden Zugriffsdaten \u00fcber diesen Vorgang in einer Protokolldatei beim Server unseres Providers gespeichert. Jeder Datensatz besteht aus: der Firma Ihres Internet Service Providers, der Website, von der aus die Datei angefordert wurde, dem Namen der Datei, dem Datum und der Uhrzeit der Anforderung, der \u00fcbertragenen Datenmenge, dem Zugriffsstatus (Datei \u00fcbertragen, Datei nicht gefunden etc.), einer Beschreibung des Typs des verwendeten Webbrowsers, der dynamischen IP-Adresse. Diese Daten werden anonym erhoben und k\u00f6nnen von uns nicht bestimmten Personen zugeordnet werden. Eine Zusammenf\u00fchrung dieser Daten mit anderen Datenquellen wird nicht vorgenommen; die Daten werden zudem nach einer statistischen Auswertung gel\u00f6scht und nicht als einzelner Datensatz vorgehalten. Bei jedem Zugriff auf unsere Websites und bei jedem Abruf einer Datei werden auch statische IP-Adressen in einer Protokolldatei des Servers erfasst und automatisiert gespeichert. Statische IP-Adressen k\u00f6nnen unter Umst\u00e4nden R\u00fcckschluss auf die Person des Nutzers erm\u00f6glichen. Wir f\u00fchren dahingehend weder Auswertungen durch, noch nutzen wir derartige Daten f\u00fcr eigene werbliche Zwecke oder halten diese f\u00fcr Dritte zur Nutzung vor. Im \u00dcbrigen k\u00f6nnen Sie unsere Websites grunds\u00e4tzlich besuchen, ohne Angaben zu Ihrer Person zu machen. Im \u00dcbrigen findet keine Weitergabe Ihrer personenbezogenen Daten an Dritte statt, es sei denn, wir sind aufgrund gesetzlicher Vorschriften und entsprechender gerichtlicher oder beh\u00f6rdlicher Anordnung in Ausnahmef\u00e4llen hierzu verpflichtet. Aufbewahrung Ihre Daten werden solange aufbewahrt und gespeichert, wie dies f\u00fcr den Zweck erforderlich ist, f\u00fcr den die Daten in zul\u00e4ssiger Weise erhoben wurden, bzw. wie eine Aufbewahrung aufgrund gesetzlicher oder rechtlicher Pflichten vorgeschrieben ist. Cookies Auf verschiedenen Websites verwenden wir Cookies, um den Besuch unserer Website attraktiv zu gestalten und die Nutzung bestimmter Funktionen zu erm\u00f6glichen. Hierbei handelt es sich um kleine Textdateien, die auf Ihrem Rechner abgelegt werden. Die meisten der von uns verwendeten Cookies werden nach Ende der Browser-Sitzung wieder von Ihrer Festplatte gel\u00f6scht (sog. Session-Cookies). Andere Cookies verbleiben auf Ihrem Rechner und erm\u00f6glichen uns, Ihren Rechner bei Ihrem n\u00e4chsten Besuch wieder zu erkennen (sog. Langzeit-Cookies). Diese Cookies dienen dazu, die vom Besucher getroffenen individuellen Selektionen (wie z.B. die Parameter bei der Durchf\u00fchrung einer Suche) zu speichern, um sie dann bei dem erneuten Aufruf der jeweiligen Websites im hinterlassenen Zustand wiederherzustellen. Die erzeugten Cookies verfallen nach dem Beenden des Browsers bzw. nach dem Schlie\u00dfen des letzten Browserfensters. Au\u00dferdem werden Cookies f\u00fcr eine unpersonalisierte Statistik eingesetzt. Die erzeugten Cookies haben eine Verfallszeit von max. drei Monaten. Sie k\u00f6nnen Ihren Browser so einstellen, dass Sie \u00fcber das Setzen von Cookies informiert werden, von Fall zu Fall \u00fcber die Annahme entscheiden oder die Annahme von Cookies grunds\u00e4tzlich ausschlie\u00dfen. Bei der Nichtannahme von Cookies kann die Funktionalit\u00e4t unserer Website eingeschr\u00e4nkt sein. Einsatz von Google Analytics Unsere Webseite benutzt Google Analytics, einen Webanalysedienst der Google Inc. (\u201eGoogle\u201c). Google Analytics verwendet sog. \u201eCookies\u201c, Textdateien, die auf Ihrem Computer gespeichert werden und die eine Analyse der Benutzung der Webseite durch Sie erm\u00f6glichen. Die durch den Cookie erzeugten Informationen \u00fcber Ihre Benutzung dieser Webseite (einschlie\u00dflich Ihrer IP-Adresse) wird an einen Server von Google in den USA \u00fcbertragen und dort gespeichert. Google wird diese Informationen benutzen, um Ihre Nutzung der Webseite auszuwerten, um Reports \u00fcber die Webseitenaktivit\u00e4ten f\u00fcr die Webseitenbetreiber zusammenzustellen und um weitere mit der Webseitennutzung und der Internetnutzung verbundene Dienstleistungen zu erbringen. Auch wird Google diese Informationen gegebenenfalls an Dritte \u00fcbertragen, sofern dies gesetzlich vorgeschrieben oder soweit Dritte diese Daten im Auftrag von Google verarbeiten. Google wird in keinem Fall Ihre IP-Adresse mit anderen Daten von Google in Verbindung bringen. Sie k\u00f6nnen die Installation der Cookies durch eine entsprechende Einstellung Ihrer Browser Software verhindern; wir weisen Sie jedoch darauf hin, dass Sie in diesem Fall gegebenenfalls nicht s\u00e4mtliche Funktionen dieser Webseite vollumf\u00e4nglich nutzen k\u00f6nnen. Durch die Nutzung dieser Webseite erkl\u00e4ren Sie sich mit der Bearbeitung der \u00fcber Sie erhobenen Daten durch Google in der zuvor beschriebenen Art und Weise und zu dem zuvor benannten Zweck einverstanden. Der Datenerhebung und -speicherung kann jederzeit mit Wirkung f\u00fcr die Zukunft [&hellip;]<\/p>\n","protected":false},"author":1,"featured_media":0,"parent":0,"menu_order":0,"comment_status":"closed","ping_status":"closed","template":"","meta":{"footnotes":""},"class_list":["post-4224","page","type-page","status-publish","hentry"],"_links":{"self":[{"href":"https:\/\/endorphinfilm.com\/index.php?rest_route=\/wp\/v2\/pages\/4224","targetHints":{"allow":["GET"]}}],"collection":[{"href":"https:\/\/endorphinfilm.com\/index.php?rest_route=\/wp\/v2\/pages"}],"about":[{"href":"https:\/\/endorphinfilm.com\/index.php?rest_route=\/wp\/v2\/types\/page"}],"author":[{"embeddable":true,"href":"https:\/\/endorphinfilm.com\/index.php?rest_route=\/wp\/v2\/users\/1"}],"replies":[{"embeddable":true,"href":"https:\/\/endorphinfilm.com\/index.php?rest_route=%2Fwp%2Fv2%2Fcomments&post=4224"}],"version-history":[{"count":4,"href":"https:\/\/endorphinfilm.com\/index.php?rest_route=\/wp\/v2\/pages\/4224\/revisions"}],"predecessor-version":[{"id":4279,"href":"https:\/\/endorphinfilm.com\/index.php?rest_route=\/wp\/v2\/pages\/4224\/revisions\/4279"}],"wp:attachment":[{"href":"https:\/\/endorphinfilm.com\/index.php?rest_route=%2Fwp%2Fv2%2Fmedia&parent=4224"}],"curies":[{"name":"wp","href":"https:\/\/api.w.org\/{rel}","templated":true}]}}